{"id":26185,"date":"2021-03-23T13:25:12","date_gmt":"2021-03-23T18:25:12","guid":{"rendered":"http:\/\/www.amsm.ca\/notre-eveque\/"},"modified":"2022-01-06T21:08:18","modified_gmt":"2022-01-07T02:08:18","slug":"notre-eveque","status":"publish","type":"page","link":"https:\/\/www.amsm.ca\/fr\/notre-eveque\/","title":{"rendered":"Notre \u00c9v\u00eaque"},"content":{"rendered":"<body><div class=\"push\" style='margin-bottom:-46px'><\/div>\n<div class=\"row \"><div class=\"wpv-grid grid-1-1  wpv-first-level first unextended\" style=\"padding-top:0px;padding-bottom:0px\" id=\"wpv-column-faa0032d39c86c6e14e9cfddd53cc1ea\" ><h4><\/h4>\n<p>\n\t\t<style type=\"text\/css\">\n\t\t\t#gallery-1 {\n\t\t\t\tmargin: auto;\n\t\t\t}\n\t\t\t#gallery-1 .gallery-item {\n\t\t\t\tfloat: left;\n\t\t\t\tmargin-top: 10px;\n\t\t\t\ttext-align: center;\n\t\t\t\twidth: 33%;\n\t\t\t}\n\t\t\t#gallery-1 img {\n\t\t\t\tborder: 2px solid #cfcfcf;\n\t\t\t}\n\t\t\t#gallery-1 .gallery-caption {\n\t\t\t\tmargin-left: 0;\n\t\t\t}\n\t\t\t\/* see gallery_shortcode() in wp-includes\/media.php *\/\n\t\t<\/style>\n\t\t<div data-carousel-extra='{&quot;blog_id&quot;:1,&quot;permalink&quot;:&quot;https:\/\/www.amsm.ca\/fr\/notre-eveque\/&quot;}' id='gallery-1' class='gallery galleryid-26185 gallery-columns-3 gallery-size-thumbnail'><dl class='gallery-item'>\n\t\t\t<dt class='gallery-icon portrait'>\n\t\t\t\t<a href='https:\/\/www.amsm.ca\/fr\/acceuil-standard\/hg_bishop_boulos-2-2\/'><img decoding=\"async\" width=\"150\" height=\"150\" src=\"https:\/\/i0.wp.com\/www.amsm.ca\/wp-content\/uploads\/2020\/10\/HG_Bishop_Boulos.jpg?resize=150%2C150&amp;ssl=1\" class=\"attachment-thumbnail size-thumbnail\" alt=\"\" srcset=\"https:\/\/i0.wp.com\/www.amsm.ca\/wp-content\/uploads\/2020\/10\/HG_Bishop_Boulos.jpg?resize=150%2C150&amp;ssl=1 150w, https:\/\/i0.wp.com\/www.amsm.ca\/wp-content\/uploads\/2020\/10\/HG_Bishop_Boulos.jpg?resize=60%2C60&amp;ssl=1 60w, https:\/\/i0.wp.com\/www.amsm.ca\/wp-content\/uploads\/2020\/10\/HG_Bishop_Boulos.jpg?resize=43%2C43&amp;ssl=1 43w, https:\/\/i0.wp.com\/www.amsm.ca\/wp-content\/uploads\/2020\/10\/HG_Bishop_Boulos.jpg?resize=106%2C106&amp;ssl=1 106w, https:\/\/i0.wp.com\/www.amsm.ca\/wp-content\/uploads\/2020\/10\/HG_Bishop_Boulos.jpg?zoom=2&amp;resize=150%2C150 300w, https:\/\/i0.wp.com\/www.amsm.ca\/wp-content\/uploads\/2020\/10\/HG_Bishop_Boulos.jpg?zoom=3&amp;resize=150%2C150 450w\" sizes=\"(max-width: 150px) 100vw, 150px\" data-attachment-id=\"26170\" data-permalink=\"https:\/\/www.amsm.ca\/fr\/acceuil-standard\/hg_bishop_boulos-2-2\/\" data-orig-file=\"https:\/\/i0.wp.com\/www.amsm.ca\/wp-content\/uploads\/2020\/10\/HG_Bishop_Boulos.jpg?fit=472%2C551&amp;ssl=1\" data-orig-size=\"472,551\" data-comments-opened=\"0\" data-image-meta=\"{&quot;aperture&quot;:&quot;0&quot;,&quot;credit&quot;:&quot;&quot;,&quot;camera&quot;:&quot;&quot;,&quot;caption&quot;:&quot;&quot;,&quot;created_timestamp&quot;:&quot;0&quot;,&quot;copyright&quot;:&quot;&quot;,&quot;focal_length&quot;:&quot;0&quot;,&quot;iso&quot;:&quot;0&quot;,&quot;shutter_speed&quot;:&quot;0&quot;,&quot;title&quot;:&quot;&quot;,&quot;orientation&quot;:&quot;1&quot;}\" data-image-title=\"HG_Bishop_Boulos\" data-image-description=\"\" data-image-caption=\"\" data-large-file=\"https:\/\/i0.wp.com\/www.amsm.ca\/wp-content\/uploads\/2020\/10\/HG_Bishop_Boulos.jpg?fit=472%2C551&amp;ssl=1\" \/><\/a>\n\t\t\t<\/dt><\/dl>\n\t\t\t<br style='clear: both' \/>\n\t\t<\/div>\n<\/p>\n<h4>Mon Seigneur l\u2019\u00c9v\u00eaque Anba Boules .<\/h4>\n<ul>\n<li>\n<h5>Rejoint le monast\u00e8re de Baramos le 18 novembre 2001<\/h5>\n<\/li>\n<li>\n<h5>Ordonn\u00e9 moine le 23 f\u00e9vrier 2004<\/h5>\n<\/li>\n<li>\n<h5>Ordonn\u00e9 pr\u00eatre le 7 mars 2004<\/h5>\n<\/li>\n<li>\n<h5>Ordonn\u00e9 \u00e9v\u00eaque du dioc\u00e8se copte orthodoxe d\u2019Ottawa, de Montr\u00e9al et de l\u2019Est du Canada le 9 juin 2019<\/h5>\n<\/li>\n<li>\n<h5>Intronis\u00e9 le 20 ao\u00fbt 2019<\/h5>\n<\/li>\n<\/ul><\/div><\/div><\/body>","protected":false},"excerpt":{"rendered":"<p>Mon Seigneur l\u2019\u00c9v\u00eaque Anba Boules . Rejoint le monast\u00e8re de Baramos le 18 novembre 2001 Ordonn\u00e9 moine le 23 f\u00e9vrier 2004 Ordonn\u00e9 pr\u00eatre le 7 mars 2004 Ordonn\u00e9 \u00e9v\u00eaque du dioc\u00e8se copte orthodoxe d\u2019Ottawa, de Montr\u00e9al et de l\u2019Est du Canada le 9 juin 2019 Intronis\u00e9 le 20 ao\u00fbt 2019<\/p>\n","protected":false},"author":1,"featured_media":26169,"parent":0,"menu_order":0,"comment_status":"closed","ping_status":"closed","template":"","meta":{"give_campaign_id":0,"footnotes":""},"class_list":["post-26185","page","type-page","status-publish","has-post-thumbnail","hentry"],"yoast_head":"<!-- This site is optimized with the Yoast SEO plugin v27.5 - https:\/\/yoast.com\/product\/yoast-seo-wordpress\/ -->\n<title>Notre \u00c9v\u00eaque - amsm church<\/title>\n<meta name=\"robots\" content=\"index, follow, max-snippet:-1, max-image-preview:large, max-video-preview:-1\" \/>\n<link rel=\"canonical\" href=\"https:\/\/www.amsm.ca\/fr\/notre-eveque\/\" \/>\n<meta property=\"og:locale\" content=\"fr_FR\" \/>\n<meta property=\"og:type\" content=\"article\" \/>\n<meta property=\"og:title\" content=\"Notre \u00c9v\u00eaque - amsm church\" \/>\n<meta property=\"og:description\" content=\"Mon Seigneur l\u2019\u00c9v\u00eaque Anba Boules . Rejoint le monast\u00e8re de Baramos le 18 novembre 2001 Ordonn\u00e9 moine le 23 f\u00e9vrier 2004 Ordonn\u00e9 pr\u00eatre le 7 mars 2004 Ordonn\u00e9 \u00e9v\u00eaque du dioc\u00e8se copte orthodoxe d\u2019Ottawa, de Montr\u00e9al et de l\u2019Est du Canada le 9 juin 2019 Intronis\u00e9 le 20 ao\u00fbt 2019\" \/>\n<meta property=\"og:url\" content=\"https:\/\/www.amsm.ca\/fr\/notre-eveque\/\" \/>\n<meta property=\"og:site_name\" content=\"amsm church\" \/>\n<meta property=\"article:modified_time\" content=\"2022-01-07T02:08:18+00:00\" \/>\n<meta property=\"og:image\" content=\"https:\/\/i0.wp.com\/www.amsm.ca\/wp-content\/uploads\/2020\/10\/bishop-boulos-1024x683-1.jpg?fit=1024%2C683&ssl=1\" \/>\n\t<meta property=\"og:image:width\" content=\"1024\" \/>\n\t<meta property=\"og:image:height\" content=\"683\" \/>\n\t<meta property=\"og:image:type\" content=\"image\/jpeg\" \/>\n<meta name=\"twitter:card\" content=\"summary_large_image\" \/>\n<script type=\"application\/ld+json\" class=\"yoast-schema-graph\">{\"@context\":\"https:\\\/\\\/schema.org\",\"@graph\":[{\"@type\":\"WebPage\",\"@id\":\"https:\\\/\\\/www.amsm.ca\\\/fr\\\/notre-eveque\\\/\",\"url\":\"https:\\\/\\\/www.amsm.ca\\\/fr\\\/notre-eveque\\\/\",\"name\":\"Notre \u00c9v\u00eaque - amsm church\",\"isPartOf\":{\"@id\":\"https:\\\/\\\/www.amsm.ca\\\/#website\"},\"primaryImageOfPage\":{\"@id\":\"https:\\\/\\\/www.amsm.ca\\\/fr\\\/notre-eveque\\\/#primaryimage\"},\"image\":{\"@id\":\"https:\\\/\\\/www.amsm.ca\\\/fr\\\/notre-eveque\\\/#primaryimage\"},\"thumbnailUrl\":\"https:\\\/\\\/i0.wp.com\\\/www.amsm.ca\\\/wp-content\\\/uploads\\\/2020\\\/10\\\/bishop-boulos-1024x683-1.jpg?fit=1024%2C683&ssl=1\",\"datePublished\":\"2021-03-23T18:25:12+00:00\",\"dateModified\":\"2022-01-07T02:08:18+00:00\",\"breadcrumb\":{\"@id\":\"https:\\\/\\\/www.amsm.ca\\\/fr\\\/notre-eveque\\\/#breadcrumb\"},\"inLanguage\":\"fr-FR\",\"potentialAction\":[{\"@type\":\"ReadAction\",\"target\":[\"https:\\\/\\\/www.amsm.ca\\\/fr\\\/notre-eveque\\\/\"]}]},{\"@type\":\"ImageObject\",\"inLanguage\":\"fr-FR\",\"@id\":\"https:\\\/\\\/www.amsm.ca\\\/fr\\\/notre-eveque\\\/#primaryimage\",\"url\":\"https:\\\/\\\/i0.wp.com\\\/www.amsm.ca\\\/wp-content\\\/uploads\\\/2020\\\/10\\\/bishop-boulos-1024x683-1.jpg?fit=1024%2C683&ssl=1\",\"contentUrl\":\"https:\\\/\\\/i0.wp.com\\\/www.amsm.ca\\\/wp-content\\\/uploads\\\/2020\\\/10\\\/bishop-boulos-1024x683-1.jpg?fit=1024%2C683&ssl=1\",\"width\":1024,\"height\":683},{\"@type\":\"BreadcrumbList\",\"@id\":\"https:\\\/\\\/www.amsm.ca\\\/fr\\\/notre-eveque\\\/#breadcrumb\",\"itemListElement\":[{\"@type\":\"ListItem\",\"position\":1,\"name\":\"Home\",\"item\":\"https:\\\/\\\/www.amsm.ca\\\/fr\\\/\"},{\"@type\":\"ListItem\",\"position\":2,\"name\":\"Notre \u00c9v\u00eaque\"}]},{\"@type\":\"WebSite\",\"@id\":\"https:\\\/\\\/www.amsm.ca\\\/#website\",\"url\":\"https:\\\/\\\/www.amsm.ca\\\/\",\"name\":\"amsm church\",\"description\":\"amsm church\",\"potentialAction\":[{\"@type\":\"SearchAction\",\"target\":{\"@type\":\"EntryPoint\",\"urlTemplate\":\"https:\\\/\\\/www.amsm.ca\\\/?s={search_term_string}\"},\"query-input\":{\"@type\":\"PropertyValueSpecification\",\"valueRequired\":true,\"valueName\":\"search_term_string\"}}],\"inLanguage\":\"fr-FR\"}]}<\/script>\n<!-- \/ Yoast SEO plugin. -->","yoast_head_json":{"title":"Notre \u00c9v\u00eaque - amsm church","robots":{"index":"index","follow":"follow","max-snippet":"max-snippet:-1","max-image-preview":"max-image-preview:large","max-video-preview":"max-video-preview:-1"},"canonical":"https:\/\/www.amsm.ca\/fr\/notre-eveque\/","og_locale":"fr_FR","og_type":"article","og_title":"Notre \u00c9v\u00eaque - amsm church","og_description":"Mon Seigneur l\u2019\u00c9v\u00eaque Anba Boules . Rejoint le monast\u00e8re de Baramos le 18 novembre 2001 Ordonn\u00e9 moine le 23 f\u00e9vrier 2004 Ordonn\u00e9 pr\u00eatre le 7 mars 2004 Ordonn\u00e9 \u00e9v\u00eaque du dioc\u00e8se copte orthodoxe d\u2019Ottawa, de Montr\u00e9al et de l\u2019Est du Canada le 9 juin 2019 Intronis\u00e9 le 20 ao\u00fbt 2019","og_url":"https:\/\/www.amsm.ca\/fr\/notre-eveque\/","og_site_name":"amsm church","article_modified_time":"2022-01-07T02:08:18+00:00","og_image":[{"width":1024,"height":683,"url":"https:\/\/i0.wp.com\/www.amsm.ca\/wp-content\/uploads\/2020\/10\/bishop-boulos-1024x683-1.jpg?fit=1024%2C683&ssl=1","type":"image\/jpeg"}],"twitter_card":"summary_large_image","schema":{"@context":"https:\/\/schema.org","@graph":[{"@type":"WebPage","@id":"https:\/\/www.amsm.ca\/fr\/notre-eveque\/","url":"https:\/\/www.amsm.ca\/fr\/notre-eveque\/","name":"Notre \u00c9v\u00eaque - amsm church","isPartOf":{"@id":"https:\/\/www.amsm.ca\/#website"},"primaryImageOfPage":{"@id":"https:\/\/www.amsm.ca\/fr\/notre-eveque\/#primaryimage"},"image":{"@id":"https:\/\/www.amsm.ca\/fr\/notre-eveque\/#primaryimage"},"thumbnailUrl":"https:\/\/i0.wp.com\/www.amsm.ca\/wp-content\/uploads\/2020\/10\/bishop-boulos-1024x683-1.jpg?fit=1024%2C683&ssl=1","datePublished":"2021-03-23T18:25:12+00:00","dateModified":"2022-01-07T02:08:18+00:00","breadcrumb":{"@id":"https:\/\/www.amsm.ca\/fr\/notre-eveque\/#breadcrumb"},"inLanguage":"fr-FR","potentialAction":[{"@type":"ReadAction","target":["https:\/\/www.amsm.ca\/fr\/notre-eveque\/"]}]},{"@type":"ImageObject","inLanguage":"fr-FR","@id":"https:\/\/www.amsm.ca\/fr\/notre-eveque\/#primaryimage","url":"https:\/\/i0.wp.com\/www.amsm.ca\/wp-content\/uploads\/2020\/10\/bishop-boulos-1024x683-1.jpg?fit=1024%2C683&ssl=1","contentUrl":"https:\/\/i0.wp.com\/www.amsm.ca\/wp-content\/uploads\/2020\/10\/bishop-boulos-1024x683-1.jpg?fit=1024%2C683&ssl=1","width":1024,"height":683},{"@type":"BreadcrumbList","@id":"https:\/\/www.amsm.ca\/fr\/notre-eveque\/#breadcrumb","itemListElement":[{"@type":"ListItem","position":1,"name":"Home","item":"https:\/\/www.amsm.ca\/fr\/"},{"@type":"ListItem","position":2,"name":"Notre \u00c9v\u00eaque"}]},{"@type":"WebSite","@id":"https:\/\/www.amsm.ca\/#website","url":"https:\/\/www.amsm.ca\/","name":"amsm church","description":"amsm church","potentialAction":[{"@type":"SearchAction","target":{"@type":"EntryPoint","urlTemplate":"https:\/\/www.amsm.ca\/?s={search_term_string}"},"query-input":{"@type":"PropertyValueSpecification","valueRequired":true,"valueName":"search_term_string"}}],"inLanguage":"fr-FR"}]}},"campaignId":"","_links":{"self":[{"href":"https:\/\/www.amsm.ca\/fr\/wp-json\/wp\/v2\/pages\/26185","targetHints":{"allow":["GET"]}}],"collection":[{"href":"https:\/\/www.amsm.ca\/fr\/wp-json\/wp\/v2\/pages"}],"about":[{"href":"https:\/\/www.amsm.ca\/fr\/wp-json\/wp\/v2\/types\/page"}],"author":[{"embeddable":true,"href":"https:\/\/www.amsm.ca\/fr\/wp-json\/wp\/v2\/users\/1"}],"replies":[{"embeddable":true,"href":"https:\/\/www.amsm.ca\/fr\/wp-json\/wp\/v2\/comments?post=26185"}],"version-history":[{"count":0,"href":"https:\/\/www.amsm.ca\/fr\/wp-json\/wp\/v2\/pages\/26185\/revisions"}],"wp:featuredmedia":[{"embeddable":true,"href":"https:\/\/www.amsm.ca\/fr\/wp-json\/wp\/v2\/media\/26169"}],"wp:attachment":[{"href":"https:\/\/www.amsm.ca\/fr\/wp-json\/wp\/v2\/media?parent=26185"}],"curies":[{"name":"wp","href":"https:\/\/api.w.org\/{rel}","templated":true}]}}

Notre Évêque

<body><div class="push" style='margin-bottom:-46px'></div>
<div class="row "><div class="wpv-grid grid-1-1  wpv-first-level first unextended" style="padding-top:0px;padding-bottom:0px" id="wpv-column-faa0032d39c86c6e14e9cfddd53cc1ea" ><h4></h4>
<p>
		<style type="text/css">
			#gallery-1 {
				margin: auto;
			}
			#gallery-1 .gallery-item {
				float: left;
				margin-top: 10px;
				text-align: center;
				width: 33%;
			}
			#gallery-1 img {
				border: 2px solid #cfcfcf;
			}
			#gallery-1 .gallery-caption {
				margin-left: 0;
			}
			/* see gallery_shortcode() in wp-includes/media.php */
		</style>
		<div data-carousel-extra='{&quot;blog_id&quot;:1,&quot;permalink&quot;:&quot;https://www.amsm.ca/fr/notre-eveque/&quot;}' id='gallery-1' class='gallery galleryid-26185 gallery-columns-3 gallery-size-thumbnail'><dl class='gallery-item'>
			<dt class='gallery-icon portrait'>
				<a href='https://www.amsm.ca/fr/acceuil-standard/hg_bishop_boulos-2-2/'><img decoding="async" width="150" height="150" src="https://i0.wp.com/www.amsm.ca/wp-content/uploads/2020/10/HG_Bishop_Boulos.jpg?resize=150%2C150&amp;ssl=1" class="attachment-thumbnail size-thumbnail" alt="" srcset="https://i0.wp.com/www.amsm.ca/wp-content/uploads/2020/10/HG_Bishop_Boulos.jpg?resize=150%2C150&amp;ssl=1 150w, https://i0.wp.com/www.amsm.ca/wp-content/uploads/2020/10/HG_Bishop_Boulos.jpg?resize=60%2C60&amp;ssl=1 60w, https://i0.wp.com/www.amsm.ca/wp-content/uploads/2020/10/HG_Bishop_Boulos.jpg?resize=43%2C43&amp;ssl=1 43w, https://i0.wp.com/www.amsm.ca/wp-content/uploads/2020/10/HG_Bishop_Boulos.jpg?resize=106%2C106&amp;ssl=1 106w, https://i0.wp.com/www.amsm.ca/wp-content/uploads/2020/10/HG_Bishop_Boulos.jpg?zoom=2&amp;resize=150%2C150 300w, https://i0.wp.com/www.amsm.ca/wp-content/uploads/2020/10/HG_Bishop_Boulos.jpg?zoom=3&amp;resize=150%2C150 450w" sizes="(max-width: 150px) 100vw, 150px" data-attachment-id="26170" data-permalink="https://www.amsm.ca/fr/acceuil-standard/hg_bishop_boulos-2-2/" data-orig-file="https://i0.wp.com/www.amsm.ca/wp-content/uploads/2020/10/HG_Bishop_Boulos.jpg?fit=472%2C551&amp;ssl=1" data-orig-size="472,551" data-comments-opened="0" data-image-meta="{&quot;aperture&quot;:&quot;0&quot;,&quot;credit&quot;:&quot;&quot;,&quot;camera&quot;:&quot;&quot;,&quot;caption&quot;:&quot;&quot;,&quot;created_timestamp&quot;:&quot;0&quot;,&quot;copyright&quot;:&quot;&quot;,&quot;focal_length&quot;:&quot;0&quot;,&quot;iso&quot;:&quot;0&quot;,&quot;shutter_speed&quot;:&quot;0&quot;,&quot;title&quot;:&quot;&quot;,&quot;orientation&quot;:&quot;1&quot;}" data-image-title="HG_Bishop_Boulos" data-image-description="" data-image-caption="" data-large-file="https://i0.wp.com/www.amsm.ca/wp-content/uploads/2020/10/HG_Bishop_Boulos.jpg?fit=472%2C551&amp;ssl=1" /></a>
			</dt></dl>
			<br style='clear: both' />
		</div>
</p>
<h4>Mon Seigneur l’Évêque Anba Boules .</h4>
<ul>
<li>
<h5>Rejoint le monastère de Baramos le 18 novembre 2001</h5>
</li>
<li>
<h5>Ordonné moine le 23 février 2004</h5>
</li>
<li>
<h5>Ordonné prêtre le 7 mars 2004</h5>
</li>
<li>
<h5>Ordonné évêque du diocèse copte orthodoxe d’Ottawa, de Montréal et de l’Est du Canada le 9 juin 2019</h5>
</li>
<li>
<h5>Intronisé le 20 août 2019</h5>
</li>
</ul></div></div></body>

<p>Mon Seigneur l’Évêque Anba Boules . Rejoint le monastère de Baramos le 18 novembre 2001 Ordonné moine le 23 février 2004 Ordonné prêtre le 7 mars 2004 Ordonné évêque du diocèse copte orthodoxe d’Ottawa, de Montréal et de l’Est du Canada le 9 juin 2019 Intronisé le 20 août 2019</p>

<!-- This site is optimized with the Yoast SEO plugin v27.5 - https://yoast.com/product/yoast-seo-wordpress/ -->
<title>Notre Évêque - amsm church</title>
<meta name="robots" content="index, follow, max-snippet:-1, max-image-preview:large, max-video-preview:-1" />
<link rel="canonical" href="https://www.amsm.ca/fr/notre-eveque/" />
<meta property="og:locale" content="fr_FR" />
<meta property="og:type" content="article" />
<meta property="og:title" content="Notre Évêque - amsm church" />
<meta property="og:description" content="Mon Seigneur l’Évêque Anba Boules . Rejoint le monastère de Baramos le 18 novembre 2001 Ordonné moine le 23 février 2004 Ordonné prêtre le 7 mars 2004 Ordonné évêque du diocèse copte orthodoxe d’Ottawa, de Montréal et de l’Est du Canada le 9 juin 2019 Intronisé le 20 août 2019" />
<meta property="og:url" content="https://www.amsm.ca/fr/notre-eveque/" />
<meta property="og:site_name" content="amsm church" />
<meta property="article:modified_time" content="2022-01-07T02:08:18+00:00" />
<meta property="og:image" content="https://i0.wp.com/www.amsm.ca/wp-content/uploads/2020/10/bishop-boulos-1024x683-1.jpg?fit=1024%2C683&ssl=1" />
	<meta property="og:image:width" content="1024" />
	<meta property="og:image:height" content="683" />
	<meta property="og:image:type" content="image/jpeg" />
<meta name="twitter:card" content="summary_large_image" />
<script type="application/ld+json" class="yoast-schema-graph">{"@context":"https:\/\/schema.org","@graph":[{"@type":"WebPage","@id":"https:\/\/www.amsm.ca\/fr\/notre-eveque\/","url":"https:\/\/www.amsm.ca\/fr\/notre-eveque\/","name":"Notre Évêque - amsm church","isPartOf":{"@id":"https:\/\/www.amsm.ca\/#website"},"primaryImageOfPage":{"@id":"https:\/\/www.amsm.ca\/fr\/notre-eveque\/#primaryimage"},"image":{"@id":"https:\/\/www.amsm.ca\/fr\/notre-eveque\/#primaryimage"},"thumbnailUrl":"https:\/\/i0.wp.com\/www.amsm.ca\/wp-content\/uploads\/2020\/10\/bishop-boulos-1024x683-1.jpg?fit=1024%2C683&ssl=1","datePublished":"2021-03-23T18:25:12+00:00","dateModified":"2022-01-07T02:08:18+00:00","breadcrumb":{"@id":"https:\/\/www.amsm.ca\/fr\/notre-eveque\/#breadcrumb"},"inLanguage":"fr-FR","potentialAction":[{"@type":"ReadAction","target":["https:\/\/www.amsm.ca\/fr\/notre-eveque\/"]}]},{"@type":"ImageObject","inLanguage":"fr-FR","@id":"https:\/\/www.amsm.ca\/fr\/notre-eveque\/#primaryimage","url":"https:\/\/i0.wp.com\/www.amsm.ca\/wp-content\/uploads\/2020\/10\/bishop-boulos-1024x683-1.jpg?fit=1024%2C683&ssl=1","contentUrl":"https:\/\/i0.wp.com\/www.amsm.ca\/wp-content\/uploads\/2020\/10\/bishop-boulos-1024x683-1.jpg?fit=1024%2C683&ssl=1","width":1024,"height":683},{"@type":"BreadcrumbList","@id":"https:\/\/www.amsm.ca\/fr\/notre-eveque\/#breadcrumb","itemListElement":[{"@type":"ListItem","position":1,"name":"Home","item":"https:\/\/www.amsm.ca\/fr\/"},{"@type":"ListItem","position":2,"name":"Notre Évêque"}]},{"@type":"WebSite","@id":"https:\/\/www.amsm.ca\/#website","url":"https:\/\/www.amsm.ca\/","name":"amsm church","description":"amsm church","potentialAction":[{"@type":"SearchAction","target":{"@type":"EntryPoint","urlTemplate":"https:\/\/www.amsm.ca\/?s={search_term_string}"},"query-input":{"@type":"PropertyValueSpecification","valueRequired":true,"valueName":"search_term_string"}}],"inLanguage":"fr-FR"}]}</script>
<!-- / Yoast SEO plugin. -->

Notre Évêque - amsm church

Mon Seigneur l’Évêque Anba Boules . Rejoint le monastère de Baramos le 18 novembre 2001 Ordonné moine le 23 février 2004 Ordonné prêtre le 7 mars 2004 Ordonné évêque du diocèse copte orthodoxe d’Ottawa, de Montréal et de l’Est du Canada le 9 juin 2019 Intronisé le 20 août 2019
